{"id":1239,"date":"2025-09-09T06:26:14","date_gmt":"2025-09-09T06:26:14","guid":{"rendered":"https:\/\/eszterdo.tsurvey.hu\/?page_id=1239"},"modified":"2025-10-07T17:40:33","modified_gmt":"2025-10-07T17:40:33","slug":"feliratkozo-oldal","status":"publish","type":"page","link":"https:\/\/eszterdo.tsurvey.hu\/?page_id=1239","title":{"rendered":"Feliratkoz\u00f3 oldal"},"content":{"rendered":"\t\t<div data-elementor-type=\"wp-page\" data-elementor-id=\"1239\" class=\"elementor elementor-1239\" data-elementor-post-type=\"page\">\n\t\t\t\t<div class=\"elementor-element elementor-element-8a2ec30 e-flex e-con-boxed e-con e-parent\" data-id=\"8a2ec30\" data-element_type=\"container\" data-settings=\"{&quot;background_background&quot;:&quot;classic&quot;}\">\n\t\t\t\t\t<div class=\"e-con-inner\">\n\t\t<div class=\"elementor-element elementor-element-b879d37 e-con-full e-flex e-con e-child\" data-id=\"b879d37\" data-element_type=\"container\">\n\t\t<div class=\"elementor-element elementor-element-e0e15f1 e-con-full e-flex e-con e-child\" data-id=\"e0e15f1\" data-element_type=\"container\" data-settings=\"{&quot;background_background&quot;:&quot;classic&quot;}\">\n\t\t\t\t<div class=\"elementor-element elementor-element-1f5156e elementor-widget elementor-widget-heading\" data-id=\"1f5156e\" data-element_type=\"widget\" data-widget_type=\"heading.default\">\n\t\t\t\t\t<h2 class=\"elementor-heading-title elementor-size-default\">Helyed csak a befizet\u00e9ssel v\u00e1lik v\u00e9glegess\u00e9!<\/h2>\t\t\t\t<\/div>\n\t\t\t\t<div class=\"elementor-element elementor-element-2eca7d7 elementor-widget elementor-widget-text-editor\" data-id=\"2eca7d7\" data-element_type=\"widget\" data-widget_type=\"text-editor.default\">\n\t\t\t\t\t\t\t\t\t<p>Jelentkez\u00e9s legk\u00e9s\u0151bb: Okt\u00f3ber 15.-ig<\/p>\t\t\t\t\t\t\t\t<\/div>\n\t\t\t\t<\/div>\n\t\t\t\t<div class=\"elementor-element elementor-element-efa2188 elementor-widget elementor-widget-heading\" data-id=\"efa2188\" data-element_type=\"widget\" data-widget_type=\"heading.default\">\n\t\t\t\t\t<h2 class=\"elementor-heading-title elementor-size-default\">Elfogy az er\u0151d t\u00e9lre? \u2013 Most van itt a pillanat, hogy visszat\u00f6ltsd magad<\/h2>\t\t\t\t<\/div>\n\t\t\t\t<div class=\"elementor-element elementor-element-aa68b7a elementor-widget elementor-widget-heading\" data-id=\"aa68b7a\" data-element_type=\"widget\" data-widget_type=\"heading.default\">\n\t\t\t\t\t<h2 class=\"elementor-heading-title elementor-size-default\">M\u00e1r csak 4 szabad hely maradt \u2013 ne halogasd a foglal\u00e1st!<\/h2>\t\t\t\t<\/div>\n\t\t<div class=\"elementor-element elementor-element-d2c75c5 e-con-full e-flex e-con e-child\" data-id=\"d2c75c5\" data-element_type=\"container\">\n\t\t<div class=\"elementor-element elementor-element-e80c014 e-con-full e-flex e-con e-child\" data-id=\"e80c014\" data-element_type=\"container\">\n\t\t\t\t<div class=\"elementor-element elementor-element-954469d elementor-widget elementor-widget-text-editor\" data-id=\"954469d\" data-element_type=\"widget\" data-widget_type=\"text-editor.default\">\n\t\t\t\t\t\t\t\t\t<p><strong>Meg\u00e9rkezt\u00e9l a bels\u0151 utaz\u00e1s kapuj\u00e1hoz.<\/strong><\/p><p>T\u00f6ltsd ki az \u0171rlapot, \u00e9s ezzel a helyed is biztos\u00edtod a h\u00e9tv\u00e9g\u00e9re.<\/p><p>Elk\u00fcldj\u00fck neked a <strong>r\u00e9szletes programot<\/strong>, <strong>sz\u00e1ll\u00e1sinf\u00f3kat, \u00e9tkez\u00e9st<\/strong>, el\u00e9rhet\u0151s\u00e9get \u2013 mindent, ami ahhoz kell, hogy r\u00e9szletes k\u00e9pet kapj err\u0151l a h\u00e9tv\u00e9g\u00e9r\u0151l.<\/p>\t\t\t\t\t\t\t\t<\/div>\n\t\t\t\t<div class=\"elementor-element elementor-element-9622706 elementor-widget elementor-widget-text-editor\" data-id=\"9622706\" data-element_type=\"widget\" data-widget_type=\"text-editor.default\">\n\t\t\t\t\t\t\t\t\t<p><strong>Mit kapsz a befizet\u00e9ssel?<\/strong><\/p>\t\t\t\t\t\t\t\t<\/div>\n\t\t\t\t<div class=\"elementor-element elementor-element-09f3e8f elementor-icon-list--layout-traditional elementor-list-item-link-full_width elementor-widget elementor-widget-icon-list\" data-id=\"09f3e8f\" data-element_type=\"widget\" data-widget_type=\"icon-list.default\">\n\t\t\t\t\t\t\t<ul class=\"elementor-icon-list-items\">\n\t\t\t\t\t\t\t<li class=\"elementor-icon-list-item\">\n\t\t\t\t\t\t\t\t\t\t\t<span class=\"elementor-icon-list-icon\">\n\t\t\t\t\t\t\t<svg aria-hidden=\"true\" class=\"e-font-icon-svg e-fas-list-ul\" viewBox=\"0 0 512 512\" xmlns=\"http:\/\/www.w3.org\/2000\/svg\"><path d=\"M48 48a48 48 0 1 0 48 48 48 48 0 0 0-48-48zm0 160a48 48 0 1 0 48 48 48 48 0 0 0-48-48zm0 160a48 48 0 1 0 48 48 48 48 0 0 0-48-48zm448 16H176a16 16 0 0 0-16 16v32a16 16 0 0 0 16 16h320a16 16 0 0 0 16-16v-32a16 16 0 0 0-16-16zm0-320H176a16 16 0 0 0-16 16v32a16 16 0 0 0 16 16h320a16 16 0 0 0 16-16V80a16 16 0 0 0-16-16zm0 160H176a16 16 0 0 0-16 16v32a16 16 0 0 0 16 16h320a16 16 0 0 0 16-16v-32a16 16 0 0 0-16-16z\"><\/path><\/svg>\t\t\t\t\t\t<\/span>\n\t\t\t\t\t\t\t\t\t\t<span class=\"elementor-icon-list-text\">A teljes h\u00e9tv\u00e9ge r\u00e9szletes programj\u00e1t, id\u0151pontokat<\/span>\n\t\t\t\t\t\t\t\t\t<\/li>\n\t\t\t\t\t\t\t\t<li class=\"elementor-icon-list-item\">\n\t\t\t\t\t\t\t\t\t\t\t<span class=\"elementor-icon-list-icon\">\n\t\t\t\t\t\t\t<svg aria-hidden=\"true\" class=\"e-font-icon-svg e-far-map\" viewBox=\"0 0 576 512\" xmlns=\"http:\/\/www.w3.org\/2000\/svg\"><path d=\"M560.02 32c-1.96 0-3.98.37-5.96 1.16L384.01 96H384L212 35.28A64.252 64.252 0 0 0 191.76 32c-6.69 0-13.37 1.05-19.81 3.14L20.12 87.95A32.006 32.006 0 0 0 0 117.66v346.32C0 473.17 7.53 480 15.99 480c1.96 0 3.97-.37 5.96-1.16L192 416l172 60.71a63.98 63.98 0 0 0 40.05.15l151.83-52.81A31.996 31.996 0 0 0 576 394.34V48.02c0-9.19-7.53-16.02-15.98-16.02zM224 90.42l128 45.19v285.97l-128-45.19V90.42zM48 418.05V129.07l128-44.53v286.2l-.64.23L48 418.05zm480-35.13l-128 44.53V141.26l.64-.24L528 93.95v288.97z\"><\/path><\/svg>\t\t\t\t\t\t<\/span>\n\t\t\t\t\t\t\t\t\t\t<span class=\"elementor-icon-list-text\">Sz\u00e1ll\u00e1st \u00e9s k\u00f6z\u00f6ss\u00e9gi \u00e9lm\u00e9nyt az erd\u0151 sz\u00edv\u00e9ben<\/span>\n\t\t\t\t\t\t\t\t\t<\/li>\n\t\t\t\t\t\t\t\t<li class=\"elementor-icon-list-item\">\n\t\t\t\t\t\t\t\t\t\t\t<span class=\"elementor-icon-list-icon\">\n\t\t\t\t\t\t\t<svg aria-hidden=\"true\" class=\"e-font-icon-svg e-fas-heartbeat\" viewBox=\"0 0 512 512\" xmlns=\"http:\/\/www.w3.org\/2000\/svg\"><path d=\"M320.2 243.8l-49.7 99.4c-6 12.1-23.4 11.7-28.9-.6l-56.9-126.3-30 71.7H60.6l182.5 186.5c7.1 7.3 18.6 7.3 25.7 0L451.4 288H342.3l-22.1-44.2zM473.7 73.9l-2.4-2.5c-51.5-52.6-135.8-52.6-187.4 0L256 100l-27.9-28.5c-51.5-52.7-135.9-52.7-187.4 0l-2.4 2.4C-10.4 123.7-12.5 203 31 256h102.4l35.9-86.2c5.4-12.9 23.6-13.2 29.4-.4l58.2 129.3 49-97.9c5.9-11.8 22.7-11.8 28.6 0l27.6 55.2H481c43.5-53 41.4-132.3-7.3-182.1z\"><\/path><\/svg>\t\t\t\t\t\t<\/span>\n\t\t\t\t\t\t\t\t\t\t<span class=\"elementor-icon-list-text\">Napi k\u00e9tszeri veget\u00e1ri\u00e1nus \u00e9tkez\u00e9st<\/span>\n\t\t\t\t\t\t\t\t\t<\/li>\n\t\t\t\t\t\t\t\t<li class=\"elementor-icon-list-item\">\n\t\t\t\t\t\t\t\t\t\t\t<span class=\"elementor-icon-list-icon\">\n\t\t\t\t\t\t\t<svg aria-hidden=\"true\" class=\"e-font-icon-svg e-fas-marker\" viewBox=\"0 0 512 512\" xmlns=\"http:\/\/www.w3.org\/2000\/svg\"><path d=\"M93.95 290.03A327.038 327.038 0 0 0 .17 485.11l-.03.23c-1.7 15.28 11.21 28.2 26.49 26.51a327.02 327.02 0 0 0 195.34-93.8l75.4-75.4-128.02-128.02-75.4 75.4zM485.49 26.51c-35.35-35.35-92.67-35.35-128.02 0l-21.76 21.76-36.56-36.55c-15.62-15.62-40.95-15.62-56.56 0L138.47 115.84c-6.25 6.25-6.25 16.38 0 22.63l22.62 22.62c6.25 6.25 16.38 6.25 22.63 0l87.15-87.15 19.59 19.59L191.98 192 320 320.02l165.49-165.49c35.35-35.35 35.35-92.66 0-128.02z\"><\/path><\/svg>\t\t\t\t\t\t<\/span>\n\t\t\t\t\t\t\t\t\t\t<span class=\"elementor-icon-list-text\">Biztons\u00e1gos, megtart\u00f3 k\u00f6zeget \u00f6nismereti munk\u00e1hoz<\/span>\n\t\t\t\t\t\t\t\t\t<\/li>\n\t\t\t\t\t\t<\/ul>\n\t\t\t\t\t\t<\/div>\n\t\t\t\t<div class=\"elementor-element elementor-element-b2a79bf elementor-widget elementor-widget-text-editor\" data-id=\"b2a79bf\" data-element_type=\"widget\" data-widget_type=\"text-editor.default\">\n\t\t\t\t\t\t\t\t\t<p><strong><span style=\"text-decoration: underline;\">FONTOS:<\/span> A regisztr\u00e1ci\u00f3t k\u00f6vet\u0151en mindenk\u00e9ppen n\u00e9zd meg a levelez\u0151d &#8222;SPAM&#8221; mapp\u00e1j\u00e1t is\u00a0 amennyiben nem kaptad meg a t\u00e1j\u00e9koztat\u00f3 level\u00fcnket!<\/strong><\/p>\t\t\t\t\t\t\t\t<\/div>\n\t\t\t\t<\/div>\n\t\t<div class=\"elementor-element elementor-element-85e5862 e-con-full e-flex e-con e-child\" data-id=\"85e5862\" data-element_type=\"container\">\n\t\t\t\t<div class=\"elementor-element elementor-element-0ff3ddc elementor-widget elementor-widget-image\" data-id=\"0ff3ddc\" data-element_type=\"widget\" data-widget_type=\"image.default\">\n\t\t\t\t\t\t\t\t\t\t\t\t\t\t\t<img fetchpriority=\"high\" decoding=\"async\" width=\"800\" height=\"450\" src=\"https:\/\/eszterdo.tsurvey.hu\/wp-content\/uploads\/2025\/09\/Kaca-tanya-HERO-1024x576.png\" class=\"attachment-large size-large wp-image-1250\" alt=\"\" srcset=\"https:\/\/eszterdo.tsurvey.hu\/wp-content\/uploads\/2025\/09\/Kaca-tanya-HERO-1024x576.png 1024w, https:\/\/eszterdo.tsurvey.hu\/wp-content\/uploads\/2025\/09\/Kaca-tanya-HERO-300x169.png 300w, https:\/\/eszterdo.tsurvey.hu\/wp-content\/uploads\/2025\/09\/Kaca-tanya-HERO-768x432.png 768w, https:\/\/eszterdo.tsurvey.hu\/wp-content\/uploads\/2025\/09\/Kaca-tanya-HERO-1536x864.png 1536w, https:\/\/eszterdo.tsurvey.hu\/wp-content\/uploads\/2025\/09\/Kaca-tanya-HERO.png 1920w\" sizes=\"(max-width: 800px) 100vw, 800px\" \/>\t\t\t\t\t\t\t\t\t\t\t\t\t\t\t<\/div>\n\t\t\t\t<div class=\"elementor-element elementor-element-e7e78ae elementor-widget elementor-widget-text-editor\" data-id=\"e7e78ae\" data-element_type=\"widget\" data-widget_type=\"text-editor.default\">\n\t\t\t\t\t\t\t\t\t<p>Kattints a &#8222;Biztos\u00edtsd a helyed&#8221; gombra a\u00a0 r\u00e9szletek\u00e9rt!<\/p>\t\t\t\t\t\t\t\t<\/div>\n\t\t\t\t<div class=\"elementor-element elementor-element-3e90b0a elementor-widget elementor-widget-text-editor\" data-id=\"3e90b0a\" data-element_type=\"widget\" data-widget_type=\"text-editor.default\">\n\t\t\t\t\t\t\t\t\t<p>Helyed a befizet\u00e9ssel v\u00e1lik v\u00e9glegess\u00e9. Ha b\u00e1rmi k\u00f6zbej\u00f6n, a r\u00e9szv\u00e9telt \u00e1truh\u00e1zhatod m\u00e1sra.<\/p>\t\t\t\t\t\t\t\t<\/div>\n\t\t\t\t<div class=\"elementor-element elementor-element-7b38400 elementor-align-center elementor-widget elementor-widget-button\" data-id=\"7b38400\" data-element_type=\"widget\" data-widget_type=\"button.default\">\n\t\t\t\t\t\t\t\t\t\t<a class=\"elementor-button elementor-button-link elementor-size-sm elementor-animation-grow\" href=\"https:\/\/salesautopilot.s3.amazonaws.com\/newsletter\/letter\/nl162336\/ns320624\/subscribe.html\">\n\t\t\t\t\t\t<span class=\"elementor-button-content-wrapper\">\n\t\t\t\t\t\t\t\t\t<span class=\"elementor-button-text\">Biztos\u00edtsd a helyed<\/span>\n\t\t\t\t\t<\/span>\n\t\t\t\t\t<\/a>\n\t\t\t\t\t\t\t\t<\/div>\n\t\t\t\t<\/div>\n\t\t\t\t<\/div>\n\t\t\t\t<\/div>\n\t\t\t\t\t<\/div>\n\t\t\t\t<\/div>\n\t\t\t\t<\/div>\n\t\t","protected":false},"excerpt":{"rendered":"<p>Helyed csak a befizet\u00e9ssel v\u00e1lik v\u00e9glegess\u00e9! Jelentkez\u00e9s legk\u00e9s\u0151bb: Okt\u00f3ber 15.-ig Elfogy az er\u0151d t\u00e9lre? \u2013 Most van itt a pillanat, hogy visszat\u00f6ltsd magad M\u00e1r csak 4 szabad hely maradt \u2013 ne halogasd a foglal\u00e1st! Meg\u00e9rkezt\u00e9l a bels\u0151 utaz\u00e1s kapuj\u00e1hoz. T\u00f6ltsd ki az \u0171rlapot, \u00e9s ezzel a helyed is biztos\u00edtod a h\u00e9tv\u00e9g\u00e9re. Elk\u00fcldj\u00fck neked a r\u00e9szletes [&hellip;]<\/p>\n","protected":false},"author":1,"featured_media":0,"parent":0,"menu_order":0,"comment_status":"closed","ping_status":"closed","template":"elementor_canvas","meta":{"footnotes":""},"class_list":["post-1239","page","type-page","status-publish","hentry"],"yoast_head":"<!-- This site is optimized with the Yoast SEO plugin v26.0 - https:\/\/yoast.com\/wordpress\/plugins\/seo\/ -->\n<title>Feliratkoz\u00f3 oldal - EsztErd\u0151<\/title>\n<meta name=\"robots\" content=\"index, follow, max-snippet:-1, max-image-preview:large, max-video-preview:-1\" \/>\n<link rel=\"canonical\" href=\"https:\/\/eszterdo.tsurvey.hu\/?page_id=1239\" \/>\n<meta property=\"og:locale\" content=\"hu_HU\" \/>\n<meta property=\"og:type\" content=\"article\" \/>\n<meta property=\"og:title\" content=\"Feliratkoz\u00f3 oldal - EsztErd\u0151\" \/>\n<meta property=\"og:description\" content=\"Helyed csak a befizet\u00e9ssel v\u00e1lik v\u00e9glegess\u00e9! Jelentkez\u00e9s legk\u00e9s\u0151bb: Okt\u00f3ber 15.-ig Elfogy az er\u0151d t\u00e9lre? \u2013 Most van itt a pillanat, hogy visszat\u00f6ltsd magad M\u00e1r csak 4 szabad hely maradt \u2013 ne halogasd a foglal\u00e1st! Meg\u00e9rkezt\u00e9l a bels\u0151 utaz\u00e1s kapuj\u00e1hoz. T\u00f6ltsd ki az \u0171rlapot, \u00e9s ezzel a helyed is biztos\u00edtod a h\u00e9tv\u00e9g\u00e9re. Elk\u00fcldj\u00fck neked a r\u00e9szletes [&hellip;]\" \/>\n<meta property=\"og:url\" content=\"https:\/\/eszterdo.tsurvey.hu\/?page_id=1239\" \/>\n<meta property=\"og:site_name\" content=\"EsztErd\u0151\" \/>\n<meta property=\"article:modified_time\" content=\"2025-10-07T17:40:33+00:00\" \/>\n<meta property=\"og:image\" content=\"https:\/\/eszterdo.tsurvey.hu\/wp-content\/uploads\/2025\/09\/Kaca-tanya-HERO.png\" \/>\n\t<meta property=\"og:image:width\" content=\"1920\" \/>\n\t<meta property=\"og:image:height\" content=\"1080\" \/>\n\t<meta property=\"og:image:type\" content=\"image\/png\" \/>\n<meta name=\"twitter:card\" content=\"summary_large_image\" \/>\n<meta name=\"twitter:label1\" content=\"Becs\u00fclt olvas\u00e1si id\u0151\" \/>\n\t<meta name=\"twitter:data1\" content=\"1 perc\" \/>\n<script type=\"application\/ld+json\" class=\"yoast-schema-graph\">{\"@context\":\"https:\/\/schema.org\",\"@graph\":[{\"@type\":\"WebPage\",\"@id\":\"https:\/\/eszterdo.tsurvey.hu\/?page_id=1239\",\"url\":\"https:\/\/eszterdo.tsurvey.hu\/?page_id=1239\",\"name\":\"Feliratkoz\u00f3 oldal - EsztErd\u0151\",\"isPartOf\":{\"@id\":\"https:\/\/eszterdo.tsurvey.hu\/#website\"},\"primaryImageOfPage\":{\"@id\":\"https:\/\/eszterdo.tsurvey.hu\/?page_id=1239#primaryimage\"},\"image\":{\"@id\":\"https:\/\/eszterdo.tsurvey.hu\/?page_id=1239#primaryimage\"},\"thumbnailUrl\":\"https:\/\/eszterdo.tsurvey.hu\/wp-content\/uploads\/2025\/09\/Kaca-tanya-HERO-1024x576.png\",\"datePublished\":\"2025-09-09T06:26:14+00:00\",\"dateModified\":\"2025-10-07T17:40:33+00:00\",\"breadcrumb\":{\"@id\":\"https:\/\/eszterdo.tsurvey.hu\/?page_id=1239#breadcrumb\"},\"inLanguage\":\"hu\",\"potentialAction\":[{\"@type\":\"ReadAction\",\"target\":[\"https:\/\/eszterdo.tsurvey.hu\/?page_id=1239\"]}]},{\"@type\":\"ImageObject\",\"inLanguage\":\"hu\",\"@id\":\"https:\/\/eszterdo.tsurvey.hu\/?page_id=1239#primaryimage\",\"url\":\"https:\/\/eszterdo.tsurvey.hu\/wp-content\/uploads\/2025\/09\/Kaca-tanya-HERO.png\",\"contentUrl\":\"https:\/\/eszterdo.tsurvey.hu\/wp-content\/uploads\/2025\/09\/Kaca-tanya-HERO.png\",\"width\":1920,\"height\":1080},{\"@type\":\"BreadcrumbList\",\"@id\":\"https:\/\/eszterdo.tsurvey.hu\/?page_id=1239#breadcrumb\",\"itemListElement\":[{\"@type\":\"ListItem\",\"position\":1,\"name\":\"Kezd\u0151lap\",\"item\":\"https:\/\/eszterdo.tsurvey.hu\/\"},{\"@type\":\"ListItem\",\"position\":2,\"name\":\"Feliratkoz\u00f3 oldal\"}]},{\"@type\":\"WebSite\",\"@id\":\"https:\/\/eszterdo.tsurvey.hu\/#website\",\"url\":\"https:\/\/eszterdo.tsurvey.hu\/\",\"name\":\"EsztErd\u0151\",\"description\":\"Erd\u0151medit\u00e1ci\u00f3-erd\u0151mer\u00fcl\u00e9s\",\"potentialAction\":[{\"@type\":\"SearchAction\",\"target\":{\"@type\":\"EntryPoint\",\"urlTemplate\":\"https:\/\/eszterdo.tsurvey.hu\/?s={search_term_string}\"},\"query-input\":{\"@type\":\"PropertyValueSpecification\",\"valueRequired\":true,\"valueName\":\"search_term_string\"}}],\"inLanguage\":\"hu\"}]}<\/script>\n<!-- \/ Yoast SEO plugin. -->","yoast_head_json":{"title":"Feliratkoz\u00f3 oldal - EsztErd\u0151","robots":{"index":"index","follow":"follow","max-snippet":"max-snippet:-1","max-image-preview":"max-image-preview:large","max-video-preview":"max-video-preview:-1"},"canonical":"https:\/\/eszterdo.tsurvey.hu\/?page_id=1239","og_locale":"hu_HU","og_type":"article","og_title":"Feliratkoz\u00f3 oldal - EsztErd\u0151","og_description":"Helyed csak a befizet\u00e9ssel v\u00e1lik v\u00e9glegess\u00e9! Jelentkez\u00e9s legk\u00e9s\u0151bb: Okt\u00f3ber 15.-ig Elfogy az er\u0151d t\u00e9lre? \u2013 Most van itt a pillanat, hogy visszat\u00f6ltsd magad M\u00e1r csak 4 szabad hely maradt \u2013 ne halogasd a foglal\u00e1st! Meg\u00e9rkezt\u00e9l a bels\u0151 utaz\u00e1s kapuj\u00e1hoz. T\u00f6ltsd ki az \u0171rlapot, \u00e9s ezzel a helyed is biztos\u00edtod a h\u00e9tv\u00e9g\u00e9re. Elk\u00fcldj\u00fck neked a r\u00e9szletes [&hellip;]","og_url":"https:\/\/eszterdo.tsurvey.hu\/?page_id=1239","og_site_name":"EsztErd\u0151","article_modified_time":"2025-10-07T17:40:33+00:00","og_image":[{"width":1920,"height":1080,"url":"https:\/\/eszterdo.tsurvey.hu\/wp-content\/uploads\/2025\/09\/Kaca-tanya-HERO.png","type":"image\/png"}],"twitter_card":"summary_large_image","twitter_misc":{"Becs\u00fclt olvas\u00e1si id\u0151":"1 perc"},"schema":{"@context":"https:\/\/schema.org","@graph":[{"@type":"WebPage","@id":"https:\/\/eszterdo.tsurvey.hu\/?page_id=1239","url":"https:\/\/eszterdo.tsurvey.hu\/?page_id=1239","name":"Feliratkoz\u00f3 oldal - EsztErd\u0151","isPartOf":{"@id":"https:\/\/eszterdo.tsurvey.hu\/#website"},"primaryImageOfPage":{"@id":"https:\/\/eszterdo.tsurvey.hu\/?page_id=1239#primaryimage"},"image":{"@id":"https:\/\/eszterdo.tsurvey.hu\/?page_id=1239#primaryimage"},"thumbnailUrl":"https:\/\/eszterdo.tsurvey.hu\/wp-content\/uploads\/2025\/09\/Kaca-tanya-HERO-1024x576.png","datePublished":"2025-09-09T06:26:14+00:00","dateModified":"2025-10-07T17:40:33+00:00","breadcrumb":{"@id":"https:\/\/eszterdo.tsurvey.hu\/?page_id=1239#breadcrumb"},"inLanguage":"hu","potentialAction":[{"@type":"ReadAction","target":["https:\/\/eszterdo.tsurvey.hu\/?page_id=1239"]}]},{"@type":"ImageObject","inLanguage":"hu","@id":"https:\/\/eszterdo.tsurvey.hu\/?page_id=1239#primaryimage","url":"https:\/\/eszterdo.tsurvey.hu\/wp-content\/uploads\/2025\/09\/Kaca-tanya-HERO.png","contentUrl":"https:\/\/eszterdo.tsurvey.hu\/wp-content\/uploads\/2025\/09\/Kaca-tanya-HERO.png","width":1920,"height":1080},{"@type":"BreadcrumbList","@id":"https:\/\/eszterdo.tsurvey.hu\/?page_id=1239#breadcrumb","itemListElement":[{"@type":"ListItem","position":1,"name":"Kezd\u0151lap","item":"https:\/\/eszterdo.tsurvey.hu\/"},{"@type":"ListItem","position":2,"name":"Feliratkoz\u00f3 oldal"}]},{"@type":"WebSite","@id":"https:\/\/eszterdo.tsurvey.hu\/#website","url":"https:\/\/eszterdo.tsurvey.hu\/","name":"EsztErd\u0151","description":"Erd\u0151medit\u00e1ci\u00f3-erd\u0151mer\u00fcl\u00e9s","potentialAction":[{"@type":"SearchAction","target":{"@type":"EntryPoint","urlTemplate":"https:\/\/eszterdo.tsurvey.hu\/?s={search_term_string}"},"query-input":{"@type":"PropertyValueSpecification","valueRequired":true,"valueName":"search_term_string"}}],"inLanguage":"hu"}]}},"_links":{"self":[{"href":"https:\/\/eszterdo.tsurvey.hu\/index.php?rest_route=\/wp\/v2\/pages\/1239","targetHints":{"allow":["GET"]}}],"collection":[{"href":"https:\/\/eszterdo.tsurvey.hu\/index.php?rest_route=\/wp\/v2\/pages"}],"about":[{"href":"https:\/\/eszterdo.tsurvey.hu\/index.php?rest_route=\/wp\/v2\/types\/page"}],"author":[{"embeddable":true,"href":"https:\/\/eszterdo.tsurvey.hu\/index.php?rest_route=\/wp\/v2\/users\/1"}],"replies":[{"embeddable":true,"href":"https:\/\/eszterdo.tsurvey.hu\/index.php?rest_route=%2Fwp%2Fv2%2Fcomments&post=1239"}],"version-history":[{"count":0,"href":"https:\/\/eszterdo.tsurvey.hu\/index.php?rest_route=\/wp\/v2\/pages\/1239\/revisions"}],"wp:attachment":[{"href":"https:\/\/eszterdo.tsurvey.hu\/index.php?rest_route=%2Fwp%2Fv2%2Fmedia&parent=1239"}],"curies":[{"name":"wp","href":"https:\/\/api.w.org\/{rel}","templated":true}]}}